d by 11.
1
Suppose 0 = 3*j - 4 + 7. Suppose 5*f - 8 = -4*p, p + 4*f + 0*f - 2 = 0. Calculate the remainder when (-1)/(-2)*4 - j is divided by p.
1
Let m(b) = -b**3 + 4*b**2 + 2*b - 2. Suppose -4*d - 296 + 376 = 0. Calculate the remainder when d is divided by m(4).
2
Let c(s) = 5*s**2 - 4*s**3 + 7*s**3 - 7 - 4*s**3 - 2*s. What is the remainder when c(3) is divided by 2?
1
Let g be 0/2 - (3 + -3). Suppose 3*o + 9 = g, o = -4*w + 659 - 174. Calculate the remainder when w is divided by 31.
29
Let b = -12 - 359. Let w = b - -628. Suppose w = -u + 6*u - l, -8 = 4*l. What is the remainder when u is divided by 9?
6
Suppose -3*r + 451 = 32*h - 33*h, h = -r + 149. Calculate the remainder when r is divided by 9.
6
Let b(v) = 16*v + 2. Let s be b(2). Suppose -2*l = s - 106. What is the remainder when l is divided by 20?
16
Suppose -102 = 4*t - 3*u - 445, -191 = -2*t - 5*u. Suppose t = 2*o + 24. What is the remainder when o is divided by 3*(3 - 6/(-9))?
10
Let f be 77 + 6/((-3)/(-1)). What is the remainder when f - -8*1/2 is divided by 21?
20
Let h(q) = -q - 436. Let f be h(0). Let o be (24/18)/((-5)/(-15)). Calculate the remainder when (-2 - f/o)*1 is divided by 27.
26
Let r = 124 + -58. Suppose -4*b + b + r = 0. Suppose -3*s + 48 = -4*u + u, 4*s - 5*u = 68. What is the remainder when b is divided by s?
10
Let m be -2 + 1 + 0 + 105 + 4. Let j = -93 + m. What is the remainder when 58 is divided by j?
13
Let f = 33 + -15. Let q(d) = d**3 + 6*d**2 + 4*d - 1. Let y be q(-5). Let p(a) = 2*a**3 - 5*a**2 + a - 1. Calculate the remainder when p(y) is divided by f.
15
Suppose 4*a - 77 = 3*a. What is the remainder when a is divided by 14972/1140 + 2/(-15)?
12
Let i = 23 + -59. Let h = -33 - i. Suppose -5*c = -h*u + 47, 0*u - 2*u - 3*c = -6. What is the remainder when 34 is divided by u?
7
Calculate the remainder when (-14 + -24)*(-3 - 1) is divided by 22.
20
Suppose 61*q - 54*q - 1267 = 0. What is the remainder when q is divided by 23?
20
Let n(q) = 6*q**2 + 2*q. Let c be n(-1). Suppose -c*j + j = -33. Calculate the remainder when 31 is divided by j.
9
Let t(m) = 6*m + 9. What is the remainder when 42 is divided by t(1)?
12
What is the remainder when 45 is divided by (-1 - (-22)/(-10))*75/(-30)?
5
Suppose 2*j = 3*v + 46, 3*j - 74 = -0*j + 2*v. What is the remainder when j is divided by 9?
8
Let i be -3 + 3 - (-854)/7. Calculate the remainder when (2 + 6*(-3)/12)*i is divided by 13.
9
Let u = 17 + -12. Let s(i) = 5*i**2 - i - 7. What is the remainder when s(u) is divided by 38?
37
Let b(g) = -2*g**2 - 12*g + 14. Let k be b(-7). Let y(l) = 5*l + 62. Calculate the remainder when y(k) is divided by 22.
18
Let b be ((-1)/(-1))/(2 - 3). Let n be 29/b*(1 - -1). Let r = n - -86. Calculate the remainder when r is divided by 8.
4
Suppose 0 = -4*h + 45 - 177. Let z = h - -56. Calculate the remainder when 66 is divided by z.
20
Suppose 6*s - 2*s - 232 = 0. Suppose -6*i + 62 = -s. Suppose 2*u = -0*u + 14. What is the remainder when i is divided by u?
6
Let d = 76 + -52. What is the remainder when ((-46)/(-8) - 2)*2*12 is divided by d?
18
Let n be (-3)/(-9)*(19 + 2). Suppose n*s - 45 = 2*s. Let q = s - -14. What is the remainder when 44 is divided by q?
21
Let u(x) = -9*x - 2. Let z be u(3). Let v = -7 - z. Let o(w) = w**2 - 18*w + 71. What is the remainder when v is divided by o(13)?
4
Let j(n) = -106*n - 27. Let q(p) = 71*p + 18. Let s(g) = 5*j(g) + 8*q(g). Calculate the remainder when s(3) is divided by 31.
30
Let f(o) = 3*o**2 - 6*o - 2. Let z be f(3). Suppose 8 = -3*w + z*w. Suppose 0*g - w*g + 96 = 0. Calculate the remainder when g is divided by 10.
8
Let z(d) = 4*d**2 - 63*d - 74. What is the remainder when z(17) is divided by 7?
4
Let u = -196 + 260. What is the remainder when u is divided by 23?
18
Let y(r) = r**3 + 40*r**2 - 689*r + 22. Let d = 13 - -51. Calculate the remainder when d is divided by y(-53).
20
Let v = 6 - 1. Calculate the remainder when -63 + 60 + (-126)/(-3) is divided by v.
4
Let i(j) = -3*j - 5. Let y(v) = -v**3 + 12*v**2 - 19*v + 12. Calculate the remainder when y(10) is divided by i(-6).
9
Suppose -70 = -2*i + 108. Calculate the remainder when i is divided by 6.
5
Let r = 55 + -50. Suppose r*n - 33 - 25 = 2*u, -5*u = -5*n + 55. Let c = 40 - 19. What is the remainder when c is divided by n?
9
Let i(y) be the first derivative of y**4/4 + 5*y**3/3 + y**2 - 5*y + 9. Let t be i(-4). Suppose -r = -t*r + 12. What is the remainder when 16 is divided by r?
4
Let h(z) = z**2 + 5*z - 25. Suppose -33 = -0*b - 3*b + c, -4*b - c + 37 = 0. Suppose b*l - 235 = 5*l. Calculate the remainder when l is divided by h(-10).
22
Let n(r) = r**3 + 3*r**2 - 3*r + 4. Let x be n(-4). Suppose -3*a + 4*a - 3 = x. Suppose 0*t = a*t - 111. What is the remainder when t is divided by 13?
11
Let o(t) = -t**3 - 13*t**2 - 54*t + 7. Calculate the remainder when 220 is divided by o(-5).
66
Suppose 75 + 165 = 15*d. Calculate the remainder when 126 is divided by d.
14
Let g = -1708 - -1715. Let m(d) = 2*d**2 - 3*d - 6. What is the remainder when m(-4) is divided by g?
3
Calculate the remainder when (-1)/(2/((-130)/1)) is divided by 5 + 1 + 84/7 + -1.
14
Let a be 66 + -4 + (-8)/(-4). Suppose -59*q + a*q = 160. Calculate the remainder when 90 is divided by q.
26
Let d(b) = -3*b + 7 + 0*b + 3*b - b. Let y be 92/(-20) - (-2)/(-5). What is the remainder when 45 is divided by d(y)?
9
Let w(o) = 2*o**3 - o + 2. Let j = -62 + 65. Calculate the remainder when w(j) is divided by 19.
15
Let u(q) = 28*q + 33. What is the remainder when 94 is divided by u(0)?
28
What is the remainder when 866 is divided by (1/((-9)/(-21)))/((-13)/(-156))?
26
Suppose -v + 113 = 5*q, 3*v - 6*q - 363 = -9*q. What is the remainder when v is divided by 59?
5
Let t(a) = a**3 + 31*a**2 - 3*a - 79. What is the remainder when t(-31) is divided by 1?
0
Calculate the remainder when 104 is divided by (-2)/5 - (-5607)/105.
51
Suppose 0 = -2*b - 6 + 18. What is the remainder when 42 is divided by b?
0
Let o(m) = -5*m**3 + 24*m**2 - m + 7. What is the remainder when o(4) is divided by 19?
10
Suppose 3*l + 0*b - 2*b - 139 = 0, -b = -1. What is the remainder when l is divided by 66/4 + (-8)/(-16)?
13
Let c be 33 + -2 - 0/1. Let y = -23 + c. What is the remainder when (-46)/(-6)*(-5 + y) is divided by 8?
7
Suppose o + 5 = 0, o - 2 = 4*i - 3. Let v = 14 + i. What is the remainder when 23 is divided by v?
10
Let p = 9 + -4. Suppose 3*q - 111 = -5*v, 13*q - v - 61 = 11*q. Calculate the remainder when q is divided by p.
2
Let k(c) = c**3 + 6*c**2 - 19*c - 16. Calculate the remainder when k(-6) is divided by 35.
28
Suppose -a - 81 = u - 145, -u = -4*a + 281. Calculate the remainder when 477 is divided by a.
63
Suppose 5*x - 5*r - 23 = 22, 2*r + 2 = -2*x. Suppose 0 = 2*a - 2*v - 24, 0*v - x*v - 9 = -a. Calculate the remainder when 20 is divided by a.
7
Let b = 58 - -42. Calculate the remainder when b is divided by 34.
32
Suppose 0 = -3*z + 2*m, 3*z + 2*z = -3*m. Suppose 4*j = r + 8, z*r - 4*j = 4*r - 8. Suppose r = -0*o + 3*o - 27. What is the remainder when o is divided by 5?
4
Let c = 87 - 30. What is the remainder when 9 is divided by 4/20 + c/15?
1
Suppose -5*d = -17*d + 108. Let k(w) = w**2 - 3*w + 6. What is the remainder when k(7) is divided by d?
7
Let n = -49 + 97. Suppose 3*u + 26 = 2*f - f, -2*f + n = -2*u. Calculate the remainder when f is divided by (-1 - -40)*4/12.
10
Suppose -v = 0, 2*n = -2*v + 475 + 603. Suppose -n = -5*g + x, 7*x = g + 2*x - 127. Calculate the remainder when g is divided by 22.
19
Suppose 2*f = 5*r - 140, -40*r + 4*f + 72 = -38*r. Let n = 89 + 19. Suppose b = -b + 3*j + 209, 5*j = b - n. Calculate the remainder when b is divided by r.
25
Let n be 1*(-8 + 4 - -8). Suppose 0 = 3*s - 5*j + 2*j - 15, 0 = -n*s - 3*j + 27. Let f(x) = -4*x + 5. Calculate the remainder when f(-6) is divided by s.
5
Let j be 3/3 + 4/2. Let l be 2 - j - (5 - -1). Let s(d) = -d**2 - 7*d + 3. What is the remainder when 4 is divided by s(l)?
1
Let j(y) be the second derivative of -y**4/12 - y**3/3 + 5*y**2 + 7*y. Let w be j(-6). Calculate the remainder when (-14)/49 + (-186)/w is divided by 5.
3
Suppose 0 = 3*m - 4*m - 5*n + 5, -5*m - 2*n - 67 = 0. Let k(h) = 16 + h**3 - 5*h + 20*h + 16*h**2 - 8. Calculate the remainder when 12 is d